
What is the millions digit of 7100478386?
0
What is the tens digit of 74900590?
9
What is the hundred thousands digit of 431225818?
2
What is the units digit of 348846605?
5
What is the thousands digit of 587576713?
6
What is the hundreds digit of 38809461?
4
What is the tens digit of 7608512022?
2
What is the hundred millions digit of 163450032?
1
What is the billions digit of 4416725356?
4
What is the millions digit of 3146387930?
6
What is the hundred thousands digit of 2906005295?
0
What is the ten thousands digit of 256415011?
1
What is the ten millions digit of 2545388781?
4
What is the ten thousands digit of 157295257?
9
What is the ten thousands digit of 88388737?
8
What is the ten millions digit of 66125366?
6
What is the hundred thousands digit of 6648832?
6
What is the tens digit of 213063325?
2
What is the millions digit of 2205046716?
5
What is the hundred thousands digit of 451987733?
9
What is the ten millions digit of 364242545?
6
What is the hundreds digit of 32460264?
2
What is the thousands digit of 272402149?
2
What is the hundred millions digit of 905855043?
9
What is the tens digit of 2726700284?
8
What is the tens digit of 23042907?
0
What is the ten thousands digit of 72861929?
6
What is the thousands digit of 34154001?
4
What is the tens digit of 4763675402?
0
What is the hundred thousands digit of 146648216?
6
What is the ten thousands digit of 2603896060?
9
What is the units digit of 19925977?
7
What is the tens digit of 432593982?
8
What is the thousands digit of 466428554?
8
What is the millions digit of 1921185531?
1
What is the ten thousands digit of 51928143?
2
What is the hundred thousands digit of 62235766?
2
What is the ten thousands digit of 39025949?
2
What is the hundred thousands digit of 3903819792?
8
What is the ten thousands digit of 214064954?
6
What is the millions digit of 340028677?
0
What is the ten thousands digit of 200776593?
7
What is the millions digit of 134418203?
4
What is the ten millions digit of 216926776?
1
What is the tens digit of 114876203?
0
What is the tens digit of 708905566?
6
What is the hundred millions digit of 2187812513?
1
What is the thousands digit of 518757247?
7
What is the thousands digit of 1179006649?
6
What is the hundreds digit of 557247446?
4
What is the thousands digit of 881997307?
7
What is the hundred thousands digit of 2074389924?
3
What is the hundreds digit of 3366517295?
2
What is the thousands digit of 4790446422?
6
What is the hundred thousands digit of 420075608?
0
What is the millions digit of 72410070?
2
What is the hundred thousands digit of 242670268?
6
What is the tens digit of 61040390?
9
What is the units digit of 77350582?
2
What is the thousands digit of 87774607?
4
What is the ten millions digit of 14094084?
1
What is the millions digit of 428927221?
8
What is the tens digit of 797801782?
8
What is the millions digit of 69630393?
9
What is the thousands digit of 108236011?
6
What is the thousands digit of 50798008?
8
What is the thousands digit of 7155338?
5
What is the thousands digit of 128783393?
3
What is the units digit of 226408602?
2
What is the ten millions digit of 538476421?
3
What is the units digit of 3245629547?
7
What is the ten millions digit of 115231983?
1
What is the units digit of 182051523?
3
What is the hundred millions digit of 278116734?
2
What is the ten millions digit of 51549921?
5
What is the hundred millions digit of 289359619?
2
What is the billions digit of 2835607325?
2
What is the ten millions digit of 44846775?
4
What is the thousands digit of 19254195?
4
What is the hundred thousands digit of 5756183232?
1
What is the hundreds digit of 993351008?
0
What is the units digit of 3450888994?
4
What is the hundred thousands digit of 63079595?
0
What is the thousands digit of 1487356677?
6
What is the hundreds digit of 917081593?
5
What is the millions digit of 2855120856?
5
What is the hundred thousands digit of 47999051?
9
What is the millions digit of 20025780?
0
What is the units digit of 133464681?
1
What is the ten millions digit of 1632554564?
3
What is the ten millions digit of 50431485?
5
What is the hundreds digit of 114411814?
8
What is the units digit of 99339981?
1
What is the hundreds digit of 9446730?
7
What is the ten thousands digit of 299704934?
0
What is the hundred thousands digit of 7386397992?
3
What is the millions digit of 929128533?
9
What is the hundreds digit of 774933965?
9
What is the units digit of 33027704?
4
What is the millions digit of 66603845?
6
What is the ten millions digit of 42129749?
4
What is the millions digit of 598194898?
8
What is the ten thousands digit of 785042003?
4
What is the tens digit of 466189278?
7
What is the millions digit of 168052363?
8
What is the ten thousands digit of 55837461?
3
What is the ten thousands digit of 17084925?
8
What is the hundred millions digit of 1052354989?
0
What is the thousands digit of 800898270?
8
What is the hundreds digit of 33286613?
6
What is the tens digit of 329671565?
6
What is the units digit of 513875939?
9
What is the thousands digit of 951438160?
8
What is the tens digit of 663711353?
5
What is the hundred thousands digit of 76277594?
2
What is the hundred thousands digit of 4033679005?
6
What is the thousands digit of 77943180?
3
What is the hundred thousands digit of 189018375?
0
What is the hundreds digit of 46038480?
4
What is the ten millions digit of 1950426361?
5
What is the hundred thousands digit of 11065336?
0
What is the ten millions digit of 141827956?
4
What is the hundred thousands digit of 4270686285?
6
What is the millions digit of 221464907?
1
What is the hundred thousands digit of 5208902517?
9
What is the ten thousands digit of 43588004?
8
What is the ten thousands digit of 51361065?
6
What is the ten thousands digit of 65270810?
7
What is the hundreds digit of 562474595?
5
What is the hundred thousands digit of 35137196?
1
What is the ten thousands digit of 994667174?
6
What is the tens digit of 1338090?
9
What is the hundred thousands digit of 180068803?
0
What is the millions digit of 1396392259?
6
What is the ten thousands digit of 39568205?
6
What is the hundred millions digit of 415097778?
4
What is the hundred thousands digit of 444515638?
5
What is the ten millions digit of 48358135?
4
What is the hundred millions digit of 584641290?
5
What is the thousands digit of 2383616980?
6
What is the units digit of 48306735?
5
What is the units digit of 74681196?
6
What is the tens digit of 5985795990?
9
What is the thousands digit of 465587460?
7
What is the ten thousands digit of 367318754?
1
What is the thousands digit of 71341219?
1
What is the hundred thousands digit of 165960297?
9
What is the hundreds digit of 580391872?
8
What is the tens digit of 191976226?
2
What is the millions digit of 26380042?
6
What is the ten thousands digit of 70639859?
3
What is the ten thousands digit of 36154633?
5
What is the millions digit of 445348965?
5
What is the ten millions digit of 70125354?
7
What is the hundred thousands digit of 561832236?
8
What is the hundreds digit of 2133698902?
9
What is the hundred thousands digit of 247762945?
7
What is the hundreds digit of 144545715?
7
What is the hundreds digit of 331373112?
1
What is the thousands digit of 92201102?
1
What is the tens digit of 3689710?
1
What is the hundreds digit of 1482732671?
6
What is the thousands digit of 101460332?
0
What is the ten millions digit of 69832717?
6
What is the units digit of 261828253?
3
What is the millions digit of 71609777?
1
What is the millions digit of 185876833?
5
What is the tens digit of 983666805?
0
What is the tens digit of 208818973?
7
What is the ten thousands digit of 413792778?
9
What is the units digit of 251384265?
5
What is the thousands digit of 391700542?
0
What is the ten millions digit of 16039353?
1
What is the units digit of 496691875?
5
What is the hundreds digit of 7956925?
9
What is the thousands digit of 187366659?
6
What is the ten thousands digit of 33231413?
3
What is the ten thousands digit of 12295295?
9
What is the hundred thousands digit of 723531369?
5
What is the hundreds digit of 2001262914?
9
What is the thousands digit of 3483732505?
2
What is the tens digit of 2595094684?
8
What